{"id":2900,"date":"2026-04-21T15:14:15","date_gmt":"2026-04-21T15:14:15","guid":{"rendered":"https:\/\/www.codta.org\/?page_id=2900"},"modified":"2026-04-21T16:29:20","modified_gmt":"2026-04-21T16:29:20","slug":"convenios-colaboracion","status":"publish","type":"page","link":"https:\/\/www.codta.org\/index.php\/servicios\/convenios-colaboracion\/","title":{"rendered":"Convenios Colaboraci\u00f3n"},"content":{"rendered":"<p><div class=\"fusion-fullwidth fullwidth-box fusion-builder-row-1 fusion-flex-container has-pattern-background has-mask-background nonhundred-percent-fullwidth non-hundred-percent-height-scrolling\" style=\"--awb-border-radius-top-left:0px;--awb-border-radius-top-right:0px;--awb-border-radius-bottom-right:0px;--awb-border-radius-bottom-left:0px;--awb-padding-top:10px;--awb-margin-top:0px;--awb-margin-bottom:0px;--awb-background-color:var(--awb-color5);--awb-flex-wrap:wrap;\" ><div class=\"fusion-builder-row fusion-row fusion-flex-align-items-flex-start fusion-flex-content-wrap\" style=\"max-width:1216.8px;margin-left: calc(-4% \/ 2 );margin-right: calc(-4% \/ 2 );\"><div class=\"fusion-layout-column fusion_builder_column fusion-builder-column-0 fusion_builder_column_1_1 1_1 fusion-flex-column\" style=\"--awb-bg-size:cover;--awb-width-large:100%;--awb-margin-top-large:0px;--awb-spacing-right-large:1.92%;--awb-margin-bottom-large:20px;--awb-spacing-left-large:1.92%;--awb-width-medium:100%;--awb-order-medium:0;--awb-spacing-right-medium:1.92%;--awb-spacing-left-medium:1.92%;--awb-width-small:100%;--awb-order-small:0;--awb-spacing-right-small:1.92%;--awb-spacing-left-small:1.92%;\"><div class=\"fusion-column-wrapper fusion-column-has-shadow fusion-flex-justify-content-flex-start fusion-content-layout-column\"><div class=\"fusion-title title fusion-title-1 fusion-title-center fusion-title-text fusion-title-size-one\" style=\"--awb-text-color:var(--awb-color1);--awb-margin-top-small:0px;--awb-margin-right-small:0px;--awb-margin-bottom-small:20px;--awb-margin-left-small:0px;--awb-font-size:40px;\"><div class=\"title-sep-container title-sep-container-left\"><div class=\"title-sep sep- sep-solid\" style=\"border-color:var(--awb-color3);\"><\/div><\/div><span class=\"awb-title-spacer\"><\/span><h1 class=\"fusion-title-heading title-heading-center\" style=\"margin:0;text-transform:none;font-size:1em;\">Convenios de Colaboraci\u00f3n<\/h1><span class=\"awb-title-spacer\"><\/span><div class=\"title-sep-container title-sep-container-right\"><div class=\"title-sep sep- sep-solid\" style=\"border-color:var(--awb-color3);\"><\/div><\/div><\/div><\/div><\/div><\/div><\/div><div class=\"fusion-fullwidth fullwidth-box fusion-builder-row-2 fusion-flex-container nonhundred-percent-fullwidth non-hundred-percent-height-scrolling\" style=\"--awb-background-position:left top;--awb-border-sizes-top:0px;--awb-border-sizes-bottom:0px;--awb-border-sizes-left:0px;--awb-border-sizes-right:0px;--awb-border-radius-top-left:0px;--awb-border-radius-top-right:0px;--awb-border-radius-bottom-right:0px;--awb-border-radius-bottom-left:0px;--awb-padding-top:10px;--awb-padding-bottom:80px;--awb-padding-top-medium:72px;--awb-padding-bottom-medium:60px;--awb-padding-bottom-small:48px;--awb-flex-wrap:wrap;\" ><div class=\"fusion-builder-row fusion-row fusion-flex-align-items-flex-start fusion-flex-content-wrap\" style=\"max-width:1216.8px;margin-left: calc(-4% \/ 2 );margin-right: calc(-4% \/ 2 );\"><div class=\"fusion-layout-column fusion_builder_column fusion-builder-column-1 fusion_builder_column_1_1 1_1 fusion-flex-column\" style=\"--awb-bg-size:cover;--awb-width-large:100%;--awb-margin-top-large:0px;--awb-spacing-right-large:1.92%;--awb-margin-bottom-large:20px;--awb-spacing-left-large:1.92%;--awb-width-medium:100%;--awb-order-medium:0;--awb-spacing-right-medium:1.92%;--awb-spacing-left-medium:1.92%;--awb-width-small:100%;--awb-order-small:0;--awb-spacing-right-small:1.92%;--awb-spacing-left-small:1.92%;\"><div class=\"fusion-column-wrapper fusion-column-has-shadow fusion-flex-justify-content-flex-start fusion-content-layout-column\"><nav class=\"fusion-breadcrumbs fusion-breadcrumbs-1\" style=\"--awb-breadcrumb-sep:&#039;\/&#039;;\" aria-label=\"Breadcrumb\"><ol class=\"awb-breadcrumb-list\"><li class=\"fusion-breadcrumb-item awb-breadcrumb-sep awb-home\" ><a href=\"https:\/\/www.codta.org\" class=\"fusion-breadcrumb-link\"><span >Inicio<\/span><\/a><\/li><\/ol><\/nav><\/div><\/div><div class=\"fusion-layout-column fusion_builder_column fusion-builder-column-2 fusion_builder_column_1_1 1_1 fusion-flex-column\" style=\"--awb-bg-size:cover;--awb-width-large:100%;--awb-margin-top-large:0px;--awb-spacing-right-large:1.92%;--awb-margin-bottom-large:24px;--awb-spacing-left-large:1.92%;--awb-width-medium:100%;--awb-order-medium:0;--awb-spacing-right-medium:1.92%;--awb-spacing-left-medium:1.92%;--awb-width-small:100%;--awb-order-small:0;--awb-spacing-right-small:1.92%;--awb-spacing-left-small:1.92%;\"><div class=\"fusion-column-wrapper fusion-column-has-shadow fusion-flex-justify-content-flex-start fusion-content-layout-column\"><div class=\"fusion-text fusion-text-1\" style=\"--awb-text-color:var(--awb-color6);\"><p style=\"text-align: justify; color: var(--awb-color5);\"><span style=\"color: var(--awb-color5);\">El <\/span><b style=\"color: var(--awb-color5);\">Colegio Profesional de Delineantes y Dise\u00f1adores T\u00e9cnicos de Andaluc\u00eda (CODTA)<\/b><span style=\"color: var(--awb-color5);\"> ha firmado varios <\/span><b style=\"color: var(--awb-color5);\">convenios de colaboraci\u00f3n con Administraciones P\u00fablicas, Universidades y empresas<\/b><span style=\"color: var(--awb-color5);\"> con el fin de <\/span><b style=\"color: var(--awb-color5);\">mejorar la prestaci\u00f3n de sus servicios y ofrecer ventajas a sus colegiados\/as<\/b><span style=\"color: var(--awb-color5);\"> y mejorar la calidad de sus trabajos profesionales, as\u00ed como de dotar de nuevas herramientas y formaci\u00f3n espec\u00edfica y actualizada.<\/span><\/p>\n<p style=\"text-align: justify; color: var(--awb-color5);\">La finalidad principal de los convenios de colaboraci\u00f3n que han sido firmados y que se firmen son para establecer marcos de cooperaci\u00f3n para el beneficio mutuo, incluyendo la mejora de la formaci\u00f3n continua, el intercambio de conocimientos, la defensa de los intereses de la profesi\u00f3n y el impulso de la inserci\u00f3n laboral de las personas colegiadas en el CODTA.<\/p>\n<p style=\"text-align: justify;\"><span style=\"color: var(--awb-color5);\">Con los convenios buscamos fundamentalmente coordinaci\u00f3n, formaci\u00f3n, colaboraci\u00f3n con la Administraci\u00f3n, defensa y promoci\u00f3n de la profesi\u00f3n, apoyo a la empleabilidad, a la vez que a<\/span><span style=\"background-color: rgba(0, 0, 0, 0); color: var(--awb-color5);\">ct\u00faan como instrumentos clave para la actualizaci\u00f3n profesional y la conexi\u00f3n entre el sector profesional, el acad\u00e9mico y la Administraci\u00f3n P\u00fablica.<\/span><\/p>\n<p style=\"text-align: justify; color: var(--awb-color5);\"><span style=\"color: var(--awb-color5);\">A continuaci\u00f3n mostramos <\/span><b style=\"color: var(--awb-color5);\">algunos<\/b><span style=\"color: var(--awb-color5);\"> de los <\/span><b style=\"color: var(--awb-color5);\">convenios de colaboraci\u00f3n que el CODTA ha firmado<\/b><span style=\"color: var(--awb-color5);\">. <\/span><b style=\"color: var(--awb-color5);\">Para acceder al convenio<\/b><span style=\"color: var(--awb-color5);\"> (documento firmado) deber\u00e1s acceder a la <\/span><b style=\"color: var(--awb-color5);\">opci\u00f3n \u00abDocumentaci\u00f3n\u00bb de la zona privada (s\u00f3lo colegiados)<\/b><span style=\"color: var(--awb-color5);\">.<\/span><\/p>\n<\/div><div class=\"fusion-image-element \" style=\"--awb-caption-title-font-family:var(--h2_typography-font-family);--awb-caption-title-font-weight:var(--h2_typography-font-weight);--awb-caption-title-font-style:var(--h2_typography-font-style);--awb-caption-title-size:var(--h2_typography-font-size);--awb-caption-title-transform:var(--h2_typography-text-transform);--awb-caption-title-line-height:var(--h2_typography-line-height);--awb-caption-title-letter-spacing:var(--h2_typography-letter-spacing);\"><span class=\" fusion-imageframe imageframe-none imageframe-1 hover-type-none\"><img decoding=\"async\" width=\"1280\" height=\"719\" title=\"Convenios Colaboracion CODTA\" src=\"https:\/\/www.codta.org\/wp-content\/uploads\/2026\/04\/Convenios-Colaboracion-CODTA.png\" data-orig-src=\"https:\/\/www.codta.org\/wp-content\/uploads\/2026\/04\/Convenios-Colaboracion-CODTA.png\" alt class=\"lazyload img-responsive wp-image-2908\" srcset=\"data:image\/svg+xml,%3Csvg%20xmlns%3D%27http%3A%2F%2Fwww.w3.org%2F2000%2Fsvg%27%20width%3D%271280%27%20height%3D%27719%27%20viewBox%3D%270%200%201280%20719%27%3E%3Crect%20width%3D%271280%27%20height%3D%27719%27%20fill-opacity%3D%220%22%2F%3E%3C%2Fsvg%3E\" data-srcset=\"https:\/\/www.codta.org\/wp-content\/uploads\/2026\/04\/Convenios-Colaboracion-CODTA-200x112.png 200w, https:\/\/www.codta.org\/wp-content\/uploads\/2026\/04\/Convenios-Colaboracion-CODTA-400x225.png 400w, https:\/\/www.codta.org\/wp-content\/uploads\/2026\/04\/Convenios-Colaboracion-CODTA-600x337.png 600w, https:\/\/www.codta.org\/wp-content\/uploads\/2026\/04\/Convenios-Colaboracion-CODTA-800x449.png 800w, https:\/\/www.codta.org\/wp-content\/uploads\/2026\/04\/Convenios-Colaboracion-CODTA-1200x674.png 1200w, https:\/\/www.codta.org\/wp-content\/uploads\/2026\/04\/Convenios-Colaboracion-CODTA.png 1280w\" data-sizes=\"auto\" data-orig-sizes=\"(max-width: 1024px) 100vw, (max-width: 850px) 100vw, 1200px\" \/><\/span><\/div><\/div><\/div><div class=\"fusion-layout-column fusion_builder_column fusion-builder-column-3 fusion_builder_column_1_1 1_1 fusion-flex-column\" style=\"--awb-bg-size:cover;--awb-width-large:100%;--awb-margin-top-large:0px;--awb-spacing-right-large:1.92%;--awb-margin-bottom-large:20px;--awb-spacing-left-large:1.92%;--awb-width-medium:100%;--awb-order-medium:0;--awb-spacing-right-medium:1.92%;--awb-spacing-left-medium:1.92%;--awb-width-small:100%;--awb-order-small:0;--awb-spacing-right-small:1.92%;--awb-spacing-left-small:1.92%;\"><div class=\"fusion-column-wrapper fusion-column-has-shadow fusion-flex-justify-content-flex-start fusion-content-layout-column\"><div class=\"fusion-image-element \" style=\"--awb-caption-title-font-family:var(--h2_typography-font-family);--awb-caption-title-font-weight:var(--h2_typography-font-weight);--awb-caption-title-font-style:var(--h2_typography-font-style);--awb-caption-title-size:var(--h2_typography-font-size);--awb-caption-title-transform:var(--h2_typography-text-transform);--awb-caption-title-line-height:var(--h2_typography-line-height);--awb-caption-title-letter-spacing:var(--h2_typography-letter-spacing);\"><span class=\" fusion-imageframe imageframe-none imageframe-2 hover-type-none\"><img decoding=\"async\" width=\"1280\" height=\"719\" title=\"Otros Convenios Colaboracion CODTA\" src=\"https:\/\/www.codta.org\/wp-content\/uploads\/2026\/04\/Otros-Convenios-Colaboracion-CODTA.png\" data-orig-src=\"https:\/\/www.codta.org\/wp-content\/uploads\/2026\/04\/Otros-Convenios-Colaboracion-CODTA.png\" alt class=\"lazyload img-responsive wp-image-2909\" srcset=\"data:image\/svg+xml,%3Csvg%20xmlns%3D%27http%3A%2F%2Fwww.w3.org%2F2000%2Fsvg%27%20width%3D%271280%27%20height%3D%27719%27%20viewBox%3D%270%200%201280%20719%27%3E%3Crect%20width%3D%271280%27%20height%3D%27719%27%20fill-opacity%3D%220%22%2F%3E%3C%2Fsvg%3E\" data-srcset=\"https:\/\/www.codta.org\/wp-content\/uploads\/2026\/04\/Otros-Convenios-Colaboracion-CODTA-200x112.png 200w, https:\/\/www.codta.org\/wp-content\/uploads\/2026\/04\/Otros-Convenios-Colaboracion-CODTA-400x225.png 400w, https:\/\/www.codta.org\/wp-content\/uploads\/2026\/04\/Otros-Convenios-Colaboracion-CODTA-600x337.png 600w, https:\/\/www.codta.org\/wp-content\/uploads\/2026\/04\/Otros-Convenios-Colaboracion-CODTA-800x449.png 800w, https:\/\/www.codta.org\/wp-content\/uploads\/2026\/04\/Otros-Convenios-Colaboracion-CODTA-1200x674.png 1200w, https:\/\/www.codta.org\/wp-content\/uploads\/2026\/04\/Otros-Convenios-Colaboracion-CODTA.png 1280w\" data-sizes=\"auto\" data-orig-sizes=\"(max-width: 1024px) 100vw, (max-width: 850px) 100vw, 1200px\" \/><\/span><\/div><\/div><\/div><\/div><\/div><\/p>\n","protected":false},"excerpt":{"rendered":"","protected":false},"author":3,"featured_media":0,"parent":2389,"menu_order":0,"comment_status":"open","ping_status":"open","template":"100-width.php","meta":{"footnotes":""},"class_list":["post-2900","page","type-page","status-publish","hentry"],"_links":{"self":[{"href":"https:\/\/www.codta.org\/index.php\/wp-json\/wp\/v2\/pages\/2900","targetHints":{"allow":["GET"]}}],"collection":[{"href":"https:\/\/www.codta.org\/index.php\/wp-json\/wp\/v2\/pages"}],"about":[{"href":"https:\/\/www.codta.org\/index.php\/wp-json\/wp\/v2\/types\/page"}],"author":[{"embeddable":true,"href":"https:\/\/www.codta.org\/index.php\/wp-json\/wp\/v2\/users\/3"}],"replies":[{"embeddable":true,"href":"https:\/\/www.codta.org\/index.php\/wp-json\/wp\/v2\/comments?post=2900"}],"version-history":[{"count":8,"href":"https:\/\/www.codta.org\/index.php\/wp-json\/wp\/v2\/pages\/2900\/revisions"}],"predecessor-version":[{"id":2911,"href":"https:\/\/www.codta.org\/index.php\/wp-json\/wp\/v2\/pages\/2900\/revisions\/2911"}],"up":[{"embeddable":true,"href":"https:\/\/www.codta.org\/index.php\/wp-json\/wp\/v2\/pages\/2389"}],"wp:attachment":[{"href":"https:\/\/www.codta.org\/index.php\/wp-json\/wp\/v2\/media?parent=2900"}],"curies":[{"name":"wp","href":"https:\/\/api.w.org\/{rel}","templated":true}]}}